git of 1616294269?
9
What is the tens digit of 327755576?
7
What is the hundred millions digit of 350203971?
3
What is the units digit of 132917974?
4
What is the tens digit of 292694989?
8
What is the thousands digit of 164238292?
8
What is the hundreds digit of 50139965?
9
What is the hundred thousands digit of 673953080?
9
What is the tens digit of 84407280?
8
What is the hundred millions digit of 453278114?
4
What is the ten millions digit of 335897016?
3
What is the hundred thousands digit of 372056821?
0
What is the units digit of 116381496?
6
What is the ten thousands digit of 96617798?
1
What is the hundred millions digit of 271428752?
2
What is the units digit of 25558892?
2
What is the tens digit of 187187533?
3
What is the billions digit of 2710684737?
2
What is the units digit of 142857280?
0
What is the hundred thousands digit of 974267097?
2
What is the units digit of 94807897?
7
What is the hundred thousands digit of 666389668?
3
What is the hundreds digit of 262420839?
8
What is the hundred thousands digit of 1035607009?
6
What is the hundred thousands digit of 372981274?
9
What is the thousands digit of 764292868?
2
What is the ten thousands digit of 2524380155?
8
What is the tens digit of 1812807466?
6
What is the ten millions digit of 3727873118?
2
What is the millions digit of 8158449153?
8
What is the tens digit of 890647987?
8
What is the millions digit of 157843951?
7
What is the hundred millions digit of 349985592?
3
What is the millions digit of 1171983994?
1
What is the ten thousands digit of 12432267?
3
What is the units digit of 9928497?
7
What is the millions digit of 12189350?
2
What is the hundreds digit of 26687277?
2
What is the hundred millions digit of 7375893570?
3
What is the hundred thousands digit of 1261472123?
4
What is the hundred millions digit of 184302600?
1
What is the ten millions digit of 1781082877?
8
What is the units digit of 22657881?
1
What is the thousands digit of 53525068?
5
What is the hundred millions digit of 3541894394?
5
What is the hundred thousands digit of 1143197539?
1
What is the hundreds digit of 29481061?
0
What is the hundred millions digit of 4579702567?
5
What is the units digit of 321990122?
2
What is the tens digit of 160930761?
6
What is the tens digit of 165614151?
5
What is the ten thousands digit of 47467657?
6
What is the ten thousands digit of 771004201?
0
What is the millions digit of 6490464?
6
What is the tens digit of 270817061?
6
What is the units digit of 4060071218?
8
What is the thousands digit of 468395694?
5
What is the thousands digit of 252601077?
1
What is the ten thousands digit of 66064339?
6
What is the tens digit of 2164028774?
7
What is the thousands digit of 14050428?
0
What is the hundred millions digit of 282692808?
2
What is the tens digit of 10244090?
9
What is the ten millions digit of 53914111?
5
What is the tens digit of 15514359?
5
What is the hundreds digit of 81340330?
3
What is the hundred millions digit of 2281689867?
2
What is the hundreds digit of 78728176?
1
What is the units digit of 35967029?
9
What is the hundred thousands digit of 159658674?
6
What is the ten millions digit of 109043084?
0
What is the hundred thousands digit of 113788638?
7
What is the hundred thousands digit of 2447079691?
0
What is the hundred thousands digit of 47728138?
7
What is the thousands digit of 636957907?
7
What is the units digit of 3451178105?
5
What is the millions digit of 87384429?
7
What is the hundreds digit of 698839925?
9
What is the units digit of 32969847?
7
What is the ten millions digit of 70003772?
7
What is the units digit of 569321909?
9
What is the ten millions digit of 41043295?
4
What is the thousands digit of 4506139346?
9
What is the thousands digit of 336114331?
4
What is the hundreds digit of 4104285577?
5
What is the hundred millions digit of 916583714?
9
What is the ten millions digit of 462863687?
6
What is the ten thousands digit of 9959978?
5
What is the tens digit of 449714570?
7
What is the tens digit of 1982515623?
2
What is the ten millions digit of 371437781?
7
What is the ten millions digit of 74082637?
7
What is the hundred thousands digit of 235810945?
8
What is the hundred thousands digit of 72365204?
3
What is the ten millions digit of 4917880678?
1
What is the hundred thousands digit of 39085152?
0
What is the millions digit of 445291997?
5
What is the ten millions digit of 404150313?
0
What is the ten millions digit of 39942880?
3
What is the thousands digit of 541120802?
0
What is the thousands digit of 5883765489?
5
What is the units digit of 440083604?
4
What is the ten thousands digit of 86498115?
9
What is the ten millions digit of 676805862?
7
What is the ten thousands digit of 73878028?
7
What is the thousands digit of 466409824?
9
What is the tens digit of 436958198?
9
What is the units digit of 619045659?
9
What is the units digit of 1259060723?
3
What is the hundred millions digit of 287706527?
2
What is the thousands digit of 118111789?
1
What is the hundred millions digit of 3767745288?
7
What is the tens digit of 100332154?
5
What is the millions digit of 99262449?
9
What is the ten millions digit of 1532671152?
3
What is the hundreds digit of 443436679?
6
What is the ten thousands digit of 497364965?
6
What is the units digit of 1504892781?
1
What is the hundred thousands digit of 41250125?
2
What is the ten millions digit of 57999447?
5
What is the hundred thousands digit of 124431622?
4
What is the ten millions digit of 3608394434?
0
What is the ten millions digit of 1044717913?
4
What is the units digit of 580870508?
8
What is the billions digit of 2133621767?
2
What is the ten thousands digit of 239248659?
4
What is the millions digit of 28965135?
8
What is the ten thousands digit of 60020884?
2
What is the ten thousands digit of 76661683?
6
What is the ten thousands digit of 349152092?
5
What is the hundreds digit of 58554729?
7
What is the hundred thousands digit of 1964895284?
8
What is the tens digit of 12875890?
9
What is the hundred millions digit of 256720063?
2
What is the units digit of 1578618907?
7
What is the hundred thousands digit of 816575228?
5
What is the ten thousands digit of 391937020?
3
What is the hundred thousands digit of 8186049?
1
What is the thousands digit of 4756442463?
2
What is the hundreds digit of 84214535?
5
What is the hundreds digit of 133509645?
6
What is the ten thousands digit of 581370997?
7
What is the hundred thousands digit of 2535027?
5
What is the hundreds digit of 461587992?
9
What is the millions digit of 166213345?
6
What is the hundreds digit of 149231218?
2
What is the thousands digit of 50529966?
9
What is the billions digit of 1347390432?
1
What is the units digit of 19945367?
7
What is the billions digit of 4080973229?
4
What is the tens digit of 44391008?
0
What is the ten millions digit of 1233216706?
3
What is the tens digit of 130377616?
1
What is the ten millions digit of 1411903622?
1
What is the hundreds digit of 20728767?
7
What is the units digit of 268631128?
8
What is the millions digit of 6280967370?
0
What is the hundreds digit of 9886389?
3
What is the hundred thousands digit of 271442156?
4
What is the hundreds digit of 188500968?
9
What is the hundred thousands digit of 14433546?
4
What is the hundred thousands digit of 1421567420?
5
What is the ten millions digit of 265354615?
6
What is the hundreds digit of 59090371?
3
What is the tens digit of 3655244795?
9
What is the ten thousands digit of 51448978?
4
What is the millions digit of 7307997?
7
What is the hundred thousands digit of 116839147?
8
What is the hundreds digit of 2662819144?
1
What is the thousands digit of 241641030?
1
What is the tens digit of 1019793927?
2
What is the hundred thousands digit of 1200159202?
1
What is the thousands digit of 1475584563?
4
What is the hundreds digit of 29898836?
8
What is the thousands digit of 452349927?
9
What is the hundred millions digit of 982279146?
9
What is the thousands digit of 55453896?
3
What is the tens digit of 14385510?
1
What is the hundreds digit of 974594653?
6
What is the hundreds digit of 2146507484?
4
What is the ten millions digit of 208951244?
0
What is the tens digit of 27375695?
9
What is the hundred